ainder when 21 is divided by s?
10
Suppose 0 = 2*i - 4*u + 6, 5*i = 4*i - u - 15. Let n = i + 13. Suppose -2*h - h - 12 = -3*s, 4*h = 3*s - 10. What is the remainder when s is divided by n?
0
Let d = 8 - 1. Let w = -3 + d. Suppose 0*g - w*q = 2*g - 14, -g + 9 = q. What is the remainder when 42 is divided by g?
9
Let t = -11 - -20. Suppose -5*g + t = -1. Let l(u) = -2*u - 6. Calculate the remainder when l(-4) is divided by g.
0
Let f(n) = n**2 + 4. Calculate the remainder when f(4) is divided by 11.
9
Let w(m) = 5*m + 1. Let c be w(1). Suppose -c*u + 55 = -u. Calculate the remainder when u is divided by 6.
5
Let u(s) = 3*s - 1. Let r be u(10). Suppose 0 = -4*c + 4*w + 100, -5*w + r = -0*c + 2*c. Calculate the remainder when 43 is divided by c.
21
Let m(p) = 5 - 3 + 4*p + 4*p**2 + p**2 + p**3. Let v be (-4)/(-10) + 51/(-15). What is the remainder when m(v) is divided by 3?
2
What is the remainder when -2 + 2 + 36 - (4 + 0) is divided by 11?
10
Suppose 5 = 2*b - a + 4, 4*a - 14 = -b. Let y be b + -3 - -2*2. Suppose -y*r + 8*r = -4*p + 56, -2*p + 16 = r. Calculate the remainder when 15 is divided by r.
7
Suppose 4*n - 3 = v, -5*n + 0 = -3*v + 19. Let f = 19 - 13. Suppose -f - 94 = -2*l. Calculate the remainder when l is divided by v.
11
Suppose 31 + 9 = 5*n. Calculate the remainder when 23 is divided by n.
7
Let b(j) = -33*j. Calculate the remainder when b(-1) is divided by 12.
9
Suppose -72 - 42 = -3*o. Calculate the remainder when 151 is divided by o.
37
Let m(b) = b**2 - 9*b - 2. What is the remainder when 37 is divided by m(10)?
5
Suppose 2*k - x = -2*x + 47, -2*k = 2*x - 50. Calculate the remainder when (4/(-4) - 2) + 68/1 is divided by k.
21
Let d(p) be the first derivative of -11*p**2/2 - 2. Let u be d(2). Let v = u - -33. Calculate the remainder when 32 is divided by v.
10
Let d(j) = -j**3 + 4*j**2 + 6*j - 7. Let z be d(5). Let f be (6/9)/(z/(-9)). Suppose 0 = -f*x - 0*x + 24. Calculate the remainder when 15 is divided by x.
7
Let w be (-5 + 1)/(0 - 1). Suppose 3*p = w*p - 1. Let s(x) = -x**2 + 3*x - 1. What is the remainder when p is divided by s(2)?
0
Let c(k) = -k**3 - 2*k**2 + 2*k - 3. Let w be c(-3). Suppose 3*t - 33 = -w*t. What is the remainder when 20 is divided by t?
9
Let v be 1/(1/(-13) + 0). Let w = 0 - v. What is the remainder when 23 is divided by w?
10
Let w = -95 - -67. Suppose 0*b + 135 = 3*b. Let d = b + w. Calculate the remainder when 65 is divided by d.
14
Let l(c) = 2*c**3 + 12*c**2 + 7*c + 1. What is the remainder when 79 is divided by l(-5)?
15
Suppose -4*j - 4*f - 12 = 0, 2*f + 25 = -3*f. Suppose 4*r - 23 = p - 2, -j*r + 10 = 0. Let g = 3 - p. What is the remainder when g is divided by 2?
0
Let r(l) = 2*l**2 + 2*l - 2. What is the remainder when r(-3) is divided by 7?
3
Let s = 413 - 284. What is the remainder when s is divided by 11?
8
Calculate the remainder when 9 is divided by ((-27)/(-21) + -1)*14.
1
Let x(h) = 7*h - 5. Suppose 77 = 5*p + 17. Calculate the remainder when x(4) is divided by p.
11
Suppose 5*m - 5*c - 75 = 0, 0 = m - 0*m + 2*c - 9. What is the remainder when 87 is divided by m?
9
What is the remainder when (-40)/(-30)*39/2 is divided by 9?
8
Let o = -48 - -67. Let z = 86 - o. What is the remainder when z is divided by 17?
16
Suppose -4*x + 9*x = -5. Let c = 10 - x. What is the remainder when 43 is divided by c?
10
Let v be (-2)/(-7) + 258/(-21). Calculate the remainder when 51 is divided by 26*(-1 - v/8).
12
Let i(l) = 9*l - 2. Let h(q) = 10*q - 2. Let y(j) = -5*h(j) + 6*i(j). Let u be y(6). Calculate the remainder when 31 is divided by (u/(-10))/((-3)/15).
9
Suppose 13 = d - 5*o - 13, -4*d - 4*o + 128 = 0. Calculate the remainder when d is divided by 17.
14
Suppose 0*l + 4*l + 5*m = 126, 0 = -4*l + 2*m + 140. Suppose 3*h + 2*h = 45. What is the remainder when l is divided by h?
7
Let g = -7 - -10. What is the remainder when g - (-8 - (-2 + 2)) is divided by 3?
2
Let f(h) = -h**2 - 10*h + 17. Calculate the remainder when f(-9) is divided by 9.
8
Let l be (-10)/40 + 94/(-8). Let r = l + -24. What is the remainder when (3/(-4))/(1/r) is divided by 14?
13
Let p(m) = -m + 7. Calculate the remainder when p(-3) is divided by (-20)/(-6) - 3/9.
1
Let s = 30 + -14. What is the remainder when 47 is divided by s?
15
Let k be (0 - 0/2) + 2. Suppose c = -k*c + 105. Let g = -30 - -42. What is the remainder when c is divided by g?
11
Suppose 5*j - 1 - 9 = -5*f, 4*j = 2*f - 10. Let a be (46/3)/(2/f). Suppose -i - 30 = -3*t, 4*i + a + 16 = 3*t. What is the remainder when 16 is divided by t?
7
Let r be 5/(-1)*3/(-5). Let i be (3 - 19/3)*-6. Suppose -j = -r*j + i. Calculate the remainder when 28 is divided by j.
8
Let l(m) = m**2 + m. Let c be l(-5). Suppose -c = -4*s - 56. Calculate the remainder when (-2)/s + (-399)/(-27) is divided by 6.
3
Let t = 0 - -1. Calculate the remainder when t is divided by -1 - (1 - (-9)/(-3)).
0
Suppose 2*p - 4*p - 6 = 0. Suppose -3*u - 5*k + 17 = 0, 2*u + 0*u = -3*k + 10. Let j = u - p. What is the remainder when j is divided by 1?
0
Let v(h) = 3*h**2 - h + 38. Let q = 60 + -40. Calculate the remainder when v(0) is divided by q.
18
Suppose 2*o = 2 + 8. Let m = -19 + 33. What is the remainder when m is divided by o?
4
Suppose -5*x + 528 = -0*u - 4*u, 2*x + 4*u - 200 = 0. What is the remainder when x is divided by 27?
23
Let s(f) = -19*f**3 - 2*f**2 + 1. Let t = 6 + -7. What is the remainder when 52 is divided by s(t)?
16
Calculate the remainder when (8/(-12))/(1/(-117)) is divided by 20.
18
Suppose 0 = 3*h - 5*h + 5*f + 118, 4*f + 122 = 2*h. Let a = -41 + h. Let n = -23 + 38. What is the remainder when a is divided by n?
13
Let h = 7 + -4. Let p(f) = f + 0*f - 5 + h. Calculate the remainder when p(9) is divided by 5.
2
Let x(h) = 3*h. Let b be x(1). Suppose -b*u + 48 = z, 80 = 4*u + u + 5*z. Calculate the remainder when 62 is divided by u.
14
Let l = 4 + -4. Suppose l*y - 30 = -2*y. What is the remainder when 43 is divided by y?
13
Let d = -63 - -90. Suppose 5*f - d = -4*m, -2*f = -5*f - 3*m + 15. Calculate the remainder when 3*6 + 1 + 1 is divided by f.
6
Let x = 32 - 15. What is the remainder when 39 is divided by x?
5
Let a = -31 + 45. Suppose -20 = 3*w - 2*b, 5*w + b = 5*b - 36. Let s = w + a. Calculate the remainder when 19 is divided by s.
9
Let s(q) = 3*q**2 - 3*q + 1. Let k be s(3). Let t(r) = -r**2 - r + 9. Let m be t(4). Let w = k + m. What is the remainder when 14 is divided by w?
6
Suppose 5*m = 4*t - 3*t - 15, -3*t = -5*m - 25. Let k be 1*-3 + (m - 0). Let v(r) = -r**3 - 5*r**2 + 3. Calculate the remainder when 8 is divided by v(k).
2
Let o(q) = q**2 - 3*q - 7. Suppose 2*i + 24 = -2*i. Let l be 9*(8/i - -2). Calculate the remainder when 31 is divided by o(l).
9
Let z = 109 + -49. What is the remainder when z is divided by 31?
29
Let o(n) = 3*n + 32. Let f be (4*-2)/(1*-2). Suppose 4*p = -f + 16. Calculate the remainder when p is divided by o(-10).
1
Let p = 52 - 25. Suppose 2*c + p = 5*c. Calculate the remainder when 17 is divided by c.
8
Let o(m) = m**2 + 4*m - 8. Suppose 30 = -w + 6*w. What is the remainder when o(w) is divided by 18?
16
Let j(u) = -2*u**3 + u**2 - 2*u. Let c be j(-2). Suppose -3*m + m = -c. Let i = -37 - -72. Calculate the remainder when i is divided by m.
11
Suppose -4*i - 5*b = -49, -4*b + 3*b - 67 = -4*i. Let a(f) = -f**3 - f**2 + f + 2. Calculate the remainder when a(-4) is divided by i.
14
Let w(h) = -31*h - 6. What is the remainder when w(-1) is divided by 4?
1
Suppose 12*s = 2*s + 20. What is the remainder when s is divided by 3/(-2)*(-8)/6?
0
Let x(c) = -7*c**3 - 3*c**2 - c + 1. Let g = 31 - 57. Let t = 42 + g. What is the remainder when x(-2) is divided by t?
15
Let d(p) = p - 2. What is the remainder when (-1 + 6/1)*1 is divided by d(4)?
1
Let k be (8/6)/1*18. Suppose -k + 8 = -4*z. What is the remainder when (33/z)/((-12)/(-32)) is divided by 12?
10
Let b = 55 - 40. Calculate the remainder when 43 is divided by b.
13
Suppose x - 200 = -4*x. Let r = x + -22. Let s = 18 + -8. Calculate the remainder when r is divided by s.
8
Let j = 10 - -8. Calculate the remainder when (159/12)/(1/4) is divided by j.
17
Let q = 105 - 47. Calculate the remainder when q is divided by -10 + 5 + 0 + 20*1.
13
Let r(j) = j**3 + 10*j**2 - 3*j - 23. Calculate the